758. Is v a multiple of 42?
False
Is 14 a factor of (-221448)/(-72)*15/(-25)*-5?
False
Let x be (6 + -3)*(36 + -1). Suppose 4*l = 4*q + 100, 4*l = -0*q - q + x. Suppose -l*p + 24*p = -30. Is p a multiple of 6?
False
Suppose 2*k + 22 = 4*s, -s - 4*k = -5*s + 28. Suppose -s*i + 8 = -0, -t + 241 = 2*i. Does 24 divide t?
False
Let o(z) = z**3 + 4*z**2 + 13*z + 62. Let j be o(-5). Is 621 - (j/(-21) + 6/(-18)) a multiple of 62?
True
Suppose 3*i = -10*d + 8*d + 2055, -2*i + 5110 = 5*d. Does 34 divide d?
True
Suppose -421 + 101 = 8*w. Let v(p) = 24*p**2 - 9*p + 5. Let f be v(-6). Is f/5 - (-24)/w a multiple of 23?
True
Let t(v) be the third derivative of 27*v**2 - 41/24*v**4 - 13/6*v**3 + 0*v + 0. Does 32 divide t(-5)?
True
Let a(l) = l**2 + 19*l + 63. Let n be a(-15). Suppose 1395 - 576 = 2*m + n*s, -2*m + 821 = 5*s. Is m a multiple of 34?
True
Let d(r) = -r**3 - 7*r**2 + 3*r + 23. Let g be d(-7). Suppose l = g*j + 203, 2*l + 4*j - 530 = -84. Does 2 divide l?
False
Suppose 0 = -15*u + 13*u - 8. Let y be -4 + (u - (-620)/4). Suppose -4*s = -3*s - y. Does 33 divide s?
False
Suppose 4*l + 43271 = -2*q - 15009, -4*q + l = 116605. Is (24/30)/((-20)/q) a multiple of 24?
False
Suppose -45 = 75*r - 84*r. Suppose r*p - 208 - 72 = 0. Is 4 a factor of p?
True
Suppose 9 = -4*a + 33, -2*i = 3*a - 7498. Does 17 divide i?
True
Let d(h) be the first derivative of -75*h**2/2 - 53*h + 39. Does 59 divide d(-7)?
True
Suppose 12 = 4*n, 2*w - 2*n + 12 = 4*w. Suppose w*t + 14 = q - 0*t, 0 = t + 3. Suppose -q*m = -54 - 141. Is m a multiple of 10?
False
Suppose 5*o = 32 + 13. Suppose -14*c + 1060 = -o*c. Is 21 a factor of c?
False
Is 100 a factor of -7037*(-3 - (-1 - 4)*(-76)/(-190))?
False
Let x be 110 + 30/(-8) + 6/8. Let g = 145 - x. Does 6 divide g?
False
Suppose -5*l + 21 = -6*l. Let y(q) = -3*q - 37. Let x be y(l). Let o = 3 + x. Is 16 a factor of o?
False
Let y be 10/(-70) + (-170)/(-14). Let q(u) = 27*u**2 - 7 - y*u**2 - 6*u + 2*u. Is q(-2) a multiple of 12?
False
Let b = -2012 - -948. Let u = -567 - b. Is 23 a factor of u?
False
Let r be 354/(-11) - 2/(-11). Let g = 37 + r. Suppose -g*c + 76 = -69. Is 9 a factor of c?
False
Suppose 12*p - 19 = 5. Suppose 5*h - v = -249 - 70, h - p*v + 71 = 0. Let y = h - -92. Is y a multiple of 5?
False
Let x = -76 + 77. Let z be (-7 - x)*(-9)/(-60)*5. Is 16 a factor of z/(-6) + (2 - 0) - -144?
False
Suppose 0 = 5*n - 3*m + 2*m - 894, 0 = 3*n + 5*m - 514. Suppose 0 = 182*l - n*l - 2520. Does 35 divide l?
True
Let a(m) = 2*m**2 + 9*m + 13. Let n(g) = -2*g**2 - g + 1. Let d be ((-1)/(-3))/(7/42). Let k be n(d). Is a(k) a multiple of 26?
False
Let k(n) = 7*n + 3. Let m be k(6). Let j = 15 + -11. Suppose 0 = -0*x + 5*x + j*z - m, 4*x + z - 36 = 0. Does 2 divide x?
False
Suppose 2*i - 4 = -3*k + 2*k, -4 = 2*i - 3*k. Suppose 2*d - i - 5 = 0. Suppose 0 = 2*p - q - 25, -d*p + q + 23 + 14 = 0. Is 6 a factor of p?
True
Suppose -30329 = -8*n - 3*l, 28*l - 3778 = -n + 25*l. Does 14 divide n?
False
Let p(i) = -34*i - 193. Let o(j) = -169*j - 967. Let n(t) = 2*o(t) - 11*p(t). Is 2 a factor of n(-5)?
False
Suppose -5*j + 57234 = 7*l, 4*j - 25*l = -20*l + 45766. Is j a multiple of 62?
False
Let z(p) = -3*p + 8. Let y(r) = 6*r - 15. Let c(n) = -3*y(n) - 7*z(n). Let f be c(6). Suppose -f*h - 168 = -13*h. Is h a multiple of 20?
False
Suppose -4*b + 2*z + z = 241, 0 = -z + 3. Let d = 121 + b. Is 9 a factor of d?
True
Suppose 2445 = 23*l + 1392 - 3915. Is l a multiple of 2?
True
Let h(l) = 239*l**2 + 19*l - 38. Let n(a) = -a**2 + 4*a + 7. Let x be n(-1). Is h(x) a multiple of 17?
False
Does 54 divide (1 + 1)*874800/216?
True
Let x(y) = 2 - 4 + y - 269*y**3 + 4 - 2*y**2 + 64*y**3. Let h be -1*2/(1 + 1). Is x(h) a multiple of 34?
True
Let t(i) = -3 + 2710*i**2 - 2709*i**2 - 3 - 6*i. Is t(-3) a multiple of 12?
False
Let w = 178 + -156. Suppose -1279 = -w*q + 1647. Does 7 divide q?
True
Suppose -j + 3*x + 17 = 0, 3*j - 9 - 12 = -x. Suppose -1398 + 30 = -j*a. Is 19 a factor of a?
True
Suppose 3*d = 4*r - 14, 0 = 5*r + 4*d - d - 31. Let i be 5/(r/266) + (-9 - -8). Suppose -m = 2*y - 3*m - 134, -4*y = -3*m - i. Is 16 a factor of y?
True
Suppose -5 - 15 = h + 5*k, 2*h = 3*k + 25. Suppose 0 = 4*u + 5*f + 11, -4 = 2*u - f + h. Is (18/u)/(5/80*-2) a multiple of 4?
True
Let a be ((-58)/(-3))/((-2)/6). Let y = -44 - a. Suppose 6*f - 166 = y. Is f a multiple of 12?
False
Let i(y) be the third derivative of y**7/105 - y**6/90 + y**5/40 - y**4/24 + y**3/2 - 13*y**2. Let b(g) be the first derivative of i(g). Does 7 divide b(2)?
False
Let s = 8 - 12. Let c be (s/(-2))/(2/5). Suppose -o - 5*g - 115 = -6*o, 0 = -c*o + 3*g + 117. Is o a multiple of 12?
True
Let u = -19589 - -28201. Is u a multiple of 93?
False
Suppose 140*v = 258130 + 1386170. Is 145 a factor of v?
True
Let o(j) = -3*j + 47. Let c be o(15). Let p be 107 + c + (3 - 2 - -3). Let w = p - 48. Is w a multiple of 16?
False
Suppose 6*y + 1695 = 1677. Let l = -16 + 24. Is (y - (-132)/l)*16 a multiple of 17?
False
Suppose -l = -4*l + 15. Let u = -1009 - -1012. Suppose 0 = -t + c - u*c + 77, -c - 429 = -l*t. Is t a multiple of 17?
True
Let z be 2/7 - 26/(-7). Suppose z*x = 3*x - 921. Is x/(-12) + (-4)/(-16) a multiple of 11?
True
Suppose -4*y = 0, -5*a - y + 2010 = -4*a. Let g = a - 939. Is 51 a factor of g?
True
Let b(q) = q**3 + 21*q**2 - 559*q - 18. Is 20 a factor of b(-25)?
False
Let d(g) = -g**3 + 23*g**2 + 32*g - 23. Let y be d(23). Suppose -9*n + 2261 = y. Is 43 a factor of n?
True
Let c be (-11191)/(-3) + 7/(-21). Suppose -13*y + 1314 + c = 0. Is 16 a factor of y?
False
Let x = 10 - 6. Suppose 5*u + r + r = 50, -2*u = x*r - 4. Suppose -300 = 10*k - u*k. Does 30 divide k?
True
Does 12 divide (13 + 14/(-224)*-31432)*(-96)/(-14)?
True
Let z(x) = x**2 + 5*x - 1. Let d be z(-6). Let j be 24/d - 28/35. Suppose j*b = 5*b - 66. Does 22 divide b?
True
Suppose -93 + 521 = 4*s - 4*l, -s - 5*l = -113. Is ((-7)/(-3))/(4/s) a multiple of 11?
False
Is 36/78 + (-11930166)/(-702) a multiple of 5?
True
Let j = 98 + 243. Is 29 a factor of (-3 - 2) + j - 6?
False
Let z be (-4)/(-3)*108/8*1. Let p be (440/33)/((-4)/z). Let o = p + 87. Does 14 divide o?
False
Suppose 15742 = 14*p - 74454 + 21736. Does 30 divide p?
True
Let o(k) = 8043*k**3 - k**2 - 41*k + 42. Does 7 divide o(1)?
True
Let a = -2658 - -2809. Is a a multiple of 7?
False
Let w(u) = 51*u - 89. Let g be w(4). Let z = 119 + g. Is z a multiple of 18?
True
Is 30 a factor of 4925/5*(8064/(-80))/(-12)?
False
Let r be ((-208)/5)/(4/(-80)). Let g = r + -552. Is 10 a factor of g?
True
Let f(c) = 2*c**3 + 24*c**2 + c + 3416. Does 122 divide f(0)?
True
Suppose 0 = 5*g + 27 + 3. Let j(m) = -2*m**2 - 2*m + 11. Let t be j(g). Let s = t - -169. Is s a multiple of 24?
True
Suppose -81 = 5*k - 556. Suppose 0 = k*m - 105*m + 280. Is m a multiple of 2?
True
Let r = 16283 - 11195. Is r a multiple of 96?
True
Let p = 282 - 279. Suppose 3*k = p, -8*z + 3*k = -7*z - 699. Is z a multiple of 26?
True
Let v be (-7)/(-1 + 0 - 0). Let k be 255600/440 - (1 - 12/11). Suppose -14*u + k = -v*u. Does 26 divide u?
False
Suppose -11*x = -6*x + 25, 5*x = -d - 25. Let q = 75 + -49. Suppose d = -q*w + 25*w + 64. Is 6 a factor of w?
False
Suppose 54*y - 52*y - 1130 = 4*i, i = -4*y + 2260. Suppose -5*p + y = -4055. Is p a multiple of 6?
True
Suppose -149*n - 275*n - 97299 = -1157299. Is 47 a factor of n?
False
Let y be 26/3 + 14/(-21). Suppose y*z = 3*z + 30. Let k(h) = h**3 - 3*h**2 + 11*h + 7. Does 15 divide k(z)?
False
Let c = 327 + -333. Does 12 divide (-23681)/(-85) + c/(-15)?
False
Let h(a) = 60*a**3 + 11*a**2 - 16*a + 28. Is h(5) a multiple of 17?
False
Let b = 362 + -358. Suppose -1 = -4*r + 11. Suppose -9 = -b*q + 3, -q + 39 = r*l. Does 12 divide l?
True
Suppose 13*q = 30502 + 50670. Is q a multiple of 28?
True
Let v = 35 + 223. Suppose 0 = 4*r - v - 1062. Is 15 a factor of r?
True
Suppose 24*a = 27*a - 21. Is (-10)/((-326)/46 + a) a multiple of 16?
False
Suppose 3*i - 4*y = 29, 6*y = 3*i + y - 25. Let x be (-562)/16 + i/120 + -3. Let k = 142 + x. Is k a multiple of 4?
True
Let b(m) = -4*m**3 + 3*m**2 + 2*m + 13. Suppose 28*j = 32*j - 20. Let x be b(j). Let n = 656 + x. Is 50 a factor of n?
False
Let v(i) = -i**3 - i**2 + 6*i - 4. Let j be v(2). Is 12 a factor of (33/6 + j)*(2 + 62)?
True
Suppo